t are the prime factors of 2188?
2, 547
What are the prime factors of 6953?
17, 409
List the prime factors of 2881.
43, 67
What are the prime factors of 2191?
7, 313
What are the prime factors of 109018?
2, 7, 13, 599
What are the prime factors of 62868?
2, 3, 13, 31
What are the prime factors of 153132?
2, 3, 7, 1823
What are the prime factors of 7111?
13, 547
What are the prime factors of 12331?
11, 19, 59
What are the prime factors of 121070?
2, 5, 12107
What are the prime factors of 1364?
2, 11, 31
List the prime factors of 82094.
2, 41047
What are the prime factors of 33664?
2, 263
What are the prime factors of 67?
67
List the prime factors of 1005.
3, 5, 67
List the prime factors of 443.
443
What are the prime factors of 3760?
2, 5, 47
List the prime factors of 5157.
3, 191
List the prime factors of 13264.
2, 829
What are the prime factors of 12624?
2, 3, 263
What are the prime factors of 112052?
2, 109, 257
What are the prime factors of 10120?
2, 5, 11, 23
What are the prime factors of 25743?
3, 8581
What are the prime factors of 159789?
3, 7, 1087
List the prime factors of 6382.
2, 3191
List the prime factors of 14838.
2, 3, 2473
List the prime factors of 3268.
2, 19, 43
What are the prime factors of 5806?
2, 2903
List the prime factors of 795.
3, 5, 53
List the prime factors of 49159.
11, 41, 109
List the prime factors of 1433.
1433
What are the prime factors of 2?
2
What are the prime factors of 2754?
2, 3, 17
What are the prime factors of 24266?
2, 11, 1103
List the prime factors of 8063.
11, 733
List the prime factors of 41807.
97, 431
List the prime factors of 1058.
2, 23
List the prime factors of 806.
2, 13, 31
List the prime factors of 9007.
9007
List the prime factors of 11735.
5, 2347
List the prime factors of 1155.
3, 5, 7, 11
List the prime factors of 19329.
3, 17, 379
List the prime factors of 59728.
2, 3733
List the prime factors of 40998.
2, 3, 6833
List the prime factors of 37732.
2, 9433
What are the prime factors of 22946?
2, 7, 11, 149
List the prime factors of 578.
2, 17
List the prime factors of 9246.
2, 3, 23, 67
What are the prime factors of 388?
2, 97
What are the prime factors of 879?
3, 293
List the prime factors of 2197.
13
What are the prime factors of 1135?
5, 227
List the prime factors of 2401.
7
What are the prime factors of 3118?
2, 1559
What are the prime factors of 217?
7, 31
List the prime factors of 45365.
5, 43, 211
List the prime factors of 8239.
7, 11, 107
What are the prime factors of 2115?
3, 5, 47
What are the prime factors of 27601?
7, 3943
List the prime factors of 3053.
43, 71
What are the prime factors of 3282?
2, 3, 547
What are the prime factors of 18076?
2, 4519
List the prime factors of 18283.
47, 389
List the prime factors of 2181.
3, 727
List the prime factors of 2101.
11, 191
List the prime factors of 125236.
2, 131, 239
List the prime factors of 20494.
2, 10247
What are the prime factors of 12508?
2, 53, 59
What are the prime factors of 3031?
7, 433
What are the prime factors of 1085?
5, 7, 31
What are the prime factors of 11877?
3, 37, 107
What are the prime factors of 44865?
3, 5, 997
What are the prime factors of 41141?
41141
List the prime factors of 187007.
43, 4349
What are the prime factors of 2156?
2, 7, 11
What are the prime factors of 378?
2, 3, 7
What are the prime factors of 2186?
2, 1093
List the prime factors of 317.
317
What are the prime factors of 708?
2, 3, 59
What are the prime factors of 2764?
2, 691
List the prime factors of 34158.
2, 3, 5693
List the prime factors of 4848.
2, 3, 101
List the prime factors of 879.
3, 293
List the prime factors of 35760.
2, 3, 5, 149
What are the prime factors of 57797?
29, 1993
List the prime factors of 11370.
2, 3, 5, 379
List the prime factors of 420.
2, 3, 5, 7
List the prime factors of 2521.
2521
List the prime factors of 100604.
2, 7, 3593
List the prime factors of 647.
647
What are the prime factors of 656?
2, 41
What are the prime factors of 233?
233
List the prime factors of 21530.
2, 5, 2153
What are the prime factors of 58?
2, 29
List the prime factors of 277.
277
List the prime factors of 5747.
7, 821
List the prime factors of 1684.
2, 421
What are the prime factors of 6176?
2, 193
List the prime factors of 1727.
11, 157
List the prime factors of 4465.
5, 19, 47
List the prime factors of 30526.
2, 15263
List the prime factors of 3180.
2, 3, 5, 53
List the prime factors of 466.
2, 233
List the prime factors of 1706.
2, 853
What are the prime factors of 12064?
2, 13, 29
List the prime factors of 1484.
2, 7, 53
List the prime factors of 14273.
7, 2039
List the prime factors of 83624.
2, 10453
What are the prime factors of 8907?
3, 2969
List the prime factors of 460.
2, 5, 23
List the prime factors of 909.
3, 101
What are the prime factors of 32365?
5, 6473
What are the prime factors of 5971?
7, 853
What are the prime factors of 4542?
2, 3, 757
What are the prime factors of 1736?
2, 7, 31
What are the prime factors of 2127?
3, 709
List the prime factors of 1189.
29, 41
What are the prime factors of 169499?
11, 19, 811
List the prime factors of 3039.
3, 1013
List the prime factors of 4850.
2, 5, 97
What are the prime factors of 9126?
2, 3, 13
List the prime factors of 4222.
2, 2111
What are the prime factors of 57967?
7, 13
List the prime factors of 30.
2, 3, 5
What are the prime factors of 641?
641
List the prime factors of 1068.
2, 3, 89
What are the prime factors of 43364?
2, 37, 293
List the prime factors of 2054.
2, 13, 79
List the prime factors of 2972.
2, 743
What are the prime factors of 925?
5, 37
What are the prime factors of 2129?
2129
What are the prime factors of 3907?
3907
List the prime factors of 38025.
3, 5, 13
What are the prime factors of 56?
2, 7
What are the prime factors of 1986?
2, 3, 331
List the prime factors of 15734.
2, 7867
What are the prime factors of 132004?
2, 61, 541
List the prime factors of 1781.
13, 137
List the prime factors of 3828.
2, 3, 11, 29
What are the prime factors of 4598?
2, 11, 19
List the prime factors of 3845.
5, 769
List the prime factors of 320.
2, 5
What are the prime factors of 11312?
2, 7, 101
What are the prime factors of 38651?
38651
List the prime factors of 1219.
23, 53
What are the prime factors of 711?
3, 79
List the prime factors of 3896.
2, 487
What are the prime factors of 5374?
2, 2687
List the prime factors of 4681.
31, 151
What are the prime factors of 16243?
37, 439
List the prime factors of 181877.
31, 5867
What are the prime factors of 5060?
2, 5, 11, 23
List the prime factors of 2331.
3, 7, 37
List the prime factors of 736.
2, 23
List the prime factors of 4638.
2, 3, 773
List the prime factors of 2703.
3, 17, 53
List the prime factors of 3553.
11, 17, 19
What are the prime factors of 66478?
2, 43, 773
What are the prime factors of 6546?
2, 3, 1091
List the prime factors of 2022.
2, 3, 337
What are the prime factors of 1846?
2, 13, 71
List the prime factors of 16658.
2, 8329
List the prime factors of 2943.
3, 109
List the prime factors of 1003.
17, 59
What are the prime factors of 12705?
3, 5, 7, 11
List the prime factors of 20231.
20231
List the prime factors of 33234.
2, 3, 29, 191
What are the prime factors of 7447?
11, 677
What are the prime factors of 41084?
2, 10271
List the prime factors of 169816.
2, 21227
What are the prime factors of 3496?
2, 19, 23
What are the prime factors of 126253?
251, 503
List the prime factors of 3828.
2, 3, 11, 29
What are the prime factors of 1520?
2, 5, 19
List the prime factors of 38902.
2, 53, 367
What are the prime factors of 1907?
1907
List the prime factors of 3253.
3253
What are the prime factors of 1907?
1907
List the prime factors of 1315.
5, 263
What are the prime factors of 11911?
43, 277
What are the prime factors of 411?
3, 137
What are the prime factors of 946?
2, 11, 43
List the prime factors of 41761.
41761
What are the prime factors of 52119?
3, 5791
List the prime factors of 3871.
7, 79
What are the prime factors of 6389?
6389
What are the prime factors of 19997?
19997
What are the prime factors of 3036?
2, 3, 11, 23
What are the prime factors of 1291?
1291
What are the prime factors of 104231?
104231
List the prime factors of 16084.
2, 4021
List the prime factors of 4157.
4157
List the prime fac